{"id":4656,"date":"2026-01-11T16:09:34","date_gmt":"2026-01-11T16:09:34","guid":{"rendered":"https:\/\/design.csdz.cz\/design\/?page_id=4656"},"modified":"2026-01-11T17:42:05","modified_gmt":"2026-01-11T17:42:05","slug":"4656-2","status":"publish","type":"page","link":"https:\/\/design.csdz.cz\/design\/4656-2","title":{"rendered":"Kontakty"},"content":{"rendered":"<div class=\"wpb-content-wrapper\"><p>[vc_row textcolor=&#8220;white&#8220; bgtype=&#8220;dark&#8220; css=&#8220;.vc_custom_1768152890841{margin-bottom: 0px !important;padding-top: 35px !important;padding-right: 0px !important;padding-bottom: 30px !important;padding-left: 0px !important;background-color: #000000 !important;}&#8220; bgprecolor=&#8220;skin&#8220;][vc_column width=&#8220;1\/3&#8243; css=&#8220;.vc_custom_1768152509102{background-color: #FFFFFF00 !important;background-position: center !important;background-repeat: no-repeat !important;background-size: cover !important;border-color: #FFFFFF !important;}&#8220;]<header class=\"thememount-heading-wrapper thememount-heading-wrapper-align-left\"><div class=\"thememount-heading-wrapper-inner\"><h2 class=\"thememount-heading-align-left\"><span>Kontakty<\/span><\/h2><\/div><p class=\"thememount-subheading\">Provozn\u00ed doba soci\u00e1ln\u00ed slu\u017eby (pros\u00edme objednat se na vstupn\u00ed pohovor na tel. \u010d\u00edsle: 774 448 333)<\/p><\/header><ul class=\"thememount_vc_contact_wrapper\"><\/ul><ul class=\"thememount_vc_contact_wrapper\"><li class=\"thememount-contact-phonenumber tmicon-fa-phone\">+420 723 569 523<\/li><li class=\"thememount-contact-email tmicon-fa-envelope-o\"><a href=\"mailto:csdz@seznam.cz\">csdz@seznam.cz<\/a><\/li><li class=\"thememount-contact-website tmicon-fa-globe\"><a href=\"http:\/\/www.csdz.cz\">www.csdz.cz<\/a><\/li><li class=\"thememount-contact-address  tmicon-fa-map-marker\">Zvona\u0159ova 6<br \/>\n130 00 Praha 3<\/li><li class=\"thememount-contact-time tmicon-fa-clock-o\">Na\u0161e prostory jsou um\u00edst\u011bny v bl\u00edzkosti n\u00e1m\u011bst\u00ed Ji\u0159\u00edho z Pod\u011bbrad, cca p\u011bt minut od zast\u00e1vky metra A nebo tramvajov\u00e9 zast\u00e1vky \u010d. 11.<\/li><\/ul>[vc_single_image image=&#8220;2336&#8243; img_size=&#8220;1090&#8243; css_animation=&#8220;fadeInLeftBig&#8220; css=&#8220;&#8220;][\/vc_column][vc_column width=&#8220;1\/3&#8243; css=&#8220;.vc_custom_1768152491009{background-color: #FFFFFF00 !important;}&#8220;]<header class=\"thememount-heading-wrapper thememount-heading-wrapper-align-left\"><div class=\"thememount-heading-wrapper-inner\"><h2 class=\"thememount-heading-align-left\"><span>Ambulantn\u00ed slu\u017eba<\/span><\/h2><\/div><p class=\"thememount-subheading\">Otev\u00edrac\u00ed doba<\/p>\n<p>Pond\u011bl\u00ed: 9:00 \u2013 17:00<\/p>\n<p>\u00dater\u00fd: 14:00 \u2013 19:00<\/p>\n<p>St\u0159eda: 13:00 \u2013 17:00<\/p>\n<p>\u010ctvrtek: 13:00 \u2013 17:00<\/p>\n<p>P\u00e1tek: 13:30 \u2013 17:00<\/p><\/header>[vc_separator css=&#8220;&#8220;]<header class=\"thememount-heading-wrapper thememount-heading-wrapper-align-left\"><div class=\"thememount-heading-wrapper-inner\"><h2 class=\"thememount-heading-align-left\"><span>Ter\u00e9nn\u00ed slu\u017eba<\/span><\/h2><\/div><p class=\"thememount-subheading\">Otev\u00edrac\u00ed doba<\/p>\n<p>Pond\u011bl\u00ed: 14:00 \u2013 17:00<br \/>\nnebo podle aktu\u00e1ln\u00ed pot\u0159eby<\/p>\n<p>\u00dater\u00fd: 14:00 \u2013 17:00<br \/>\nnebo podle aktu\u00e1ln\u00ed pot\u0159eby<\/p><\/header>[vc_separator css=&#8220;&#8220;][\/vc_column][vc_column width=&#8220;1\/3&#8243; css=&#8220;.vc_custom_1768152500871{background-color: #FFFFFF00 !important;}&#8220;]<header class=\"thememount-heading-wrapper thememount-heading-wrapper-align-left\"><div class=\"thememount-heading-wrapper-inner\"><h2 class=\"thememount-heading-align-left\"><span>Napi\u0161te n\u00e1m<\/span><\/h2><\/div><p class=\"thememount-subheading\">t\u011b\u0161\u00edme se na va\u0161e p\u0159ipom\u00ednky a podn\u011bty<\/p><\/header>\n<div class=\"wpcf7 no-js\" id=\"wpcf7-f4624-o1\" lang=\"cs-CZ\" dir=\"ltr\" data-wpcf7-id=\"4624\">\n<div class=\"screen-reader-response\"><p role=\"status\" aria-live=\"polite\" aria-atomic=\"true\"><\/p> <ul><\/ul><\/div>\n<form action=\"\/design\/wp-json\/wp\/v2\/pages\/4656#wpcf7-f4624-o1\" method=\"post\" class=\"wpcf7-form init\" aria-label=\"Kontaktn\u00ed formul\u00e1\u0159\" novalidate=\"novalidate\" data-status=\"init\">\n<fieldset class=\"hidden-fields-container\"><input type=\"hidden\" name=\"_wpcf7\" value=\"4624\" \/><input type=\"hidden\" name=\"_wpcf7_version\" value=\"6.1.4\" \/><input type=\"hidden\" name=\"_wpcf7_locale\" value=\"cs_CZ\" \/><input type=\"hidden\" name=\"_wpcf7_unit_tag\" value=\"wpcf7-f4624-o1\" \/><input type=\"hidden\" name=\"_wpcf7_container_post\" value=\"0\" \/><input type=\"hidden\" name=\"_wpcf7_posted_data_hash\" value=\"\" \/>\n<\/fieldset>\n<p><label> Va\u0161e jm\u00e9no<br \/>\n<span class=\"wpcf7-form-control-wrap\" data-name=\"your-name\"><input size=\"40\" maxlength=\"400\" class=\"wpcf7-form-control wpcf7-text wpcf7-validates-as-required\" autocomplete=\"name\" aria-required=\"true\" aria-invalid=\"false\" value=\"\" type=\"text\" name=\"your-name\" \/><\/span> <\/label>\n<\/p>\n<p><label> V\u00e1\u0161 e-mail<br \/>\n<span class=\"wpcf7-form-control-wrap\" data-name=\"your-email\"><input size=\"40\" maxlength=\"400\" class=\"wpcf7-form-control wpcf7-email wpcf7-validates-as-required wpcf7-text wpcf7-validates-as-email\" autocomplete=\"email\" aria-required=\"true\" aria-invalid=\"false\" value=\"\" type=\"email\" name=\"your-email\" \/><\/span> <\/label>\n<\/p>\n<p><label> P\u0159edm\u011bt<br \/>\n<span class=\"wpcf7-form-control-wrap\" data-name=\"your-subject\"><input size=\"40\" maxlength=\"400\" class=\"wpcf7-form-control wpcf7-text wpcf7-validates-as-required\" aria-required=\"true\" aria-invalid=\"false\" value=\"\" type=\"text\" name=\"your-subject\" \/><\/span> <\/label>\n<\/p>\n<p><label> Va\u0161e zpr\u00e1va (voliteln\u00fd)<br \/>\n<span class=\"wpcf7-form-control-wrap\" data-name=\"your-message\"><textarea cols=\"40\" rows=\"10\" maxlength=\"2000\" class=\"wpcf7-form-control wpcf7-textarea\" aria-invalid=\"false\" name=\"your-message\"><\/textarea><\/span> <\/label>\n<\/p>\n<p><input class=\"wpcf7-form-control wpcf7-submit has-spinner\" type=\"submit\" value=\"Odeslat\" \/>\n<\/p><div class=\"wpcf7-response-output\" aria-hidden=\"true\"><\/div>\n<\/form>\n<\/div>\n[\/vc_column][\/vc_row]<\/p>\n<\/div>","protected":false},"excerpt":{"rendered":"<p>[vc_row textcolor=&#8220;white&#8220; bgtype=&#8220;dark&#8220; css=&#8220;.vc_custom_1768152890841{margin-bottom: 0px !important;padding-top: 35px !important;padding-right: 0px !important;padding-bottom: 30px !important;padding-left: 0px !important;background-color: #000000 !important;}&#8220; bgprecolor=&#8220;skin&#8220;][vc_column width=&#8220;1\/3&#8243; css=&#8220;.vc_custom_1768152509102{background-color: #FFFFFF00 !important;background-position: center !important;background-repeat: no-repeat !important;background-size: cover !important;border-color: #FFFFFF !important;}&#8220;][vc_single_image image=&#8220;2336&#8243; img_size=&#8220;1090&#8243; css_animation=&#8220;fadeInLeftBig&#8220; css=&#8220;&#8220;][\/vc_column][vc_column width=&#8220;1\/3&#8243; css=&#8220;.vc_custom_1768152491009{background-color: #FFFFFF00 !important;}&#8220;][vc_separator css=&#8220;&#8220;][vc_separator css=&#8220;&#8220;][\/vc_column][vc_column width=&#8220;1\/3&#8243; css=&#8220;.vc_custom_1768152500871{background-color: #FFFFFF00 !important;}&#8220;][\/vc_column][\/vc_row]<\/p>\n","protected":false},"author":1,"featured_media":0,"parent":0,"menu_order":0,"comment_status":"closed","ping_status":"closed","template":"","meta":{"footnotes":""},"class_list":["post-4656","page","type-page","status-publish","hentry"],"_links":{"self":[{"href":"https:\/\/design.csdz.cz\/design\/wp-json\/wp\/v2\/pages\/4656","targetHints":{"allow":["GET"]}}],"collection":[{"href":"https:\/\/design.csdz.cz\/design\/wp-json\/wp\/v2\/pages"}],"about":[{"href":"https:\/\/design.csdz.cz\/design\/wp-json\/wp\/v2\/types\/page"}],"author":[{"embeddable":true,"href":"https:\/\/design.csdz.cz\/design\/wp-json\/wp\/v2\/users\/1"}],"replies":[{"embeddable":true,"href":"https:\/\/design.csdz.cz\/design\/wp-json\/wp\/v2\/comments?post=4656"}],"version-history":[{"count":11,"href":"https:\/\/design.csdz.cz\/design\/wp-json\/wp\/v2\/pages\/4656\/revisions"}],"predecessor-version":[{"id":4678,"href":"https:\/\/design.csdz.cz\/design\/wp-json\/wp\/v2\/pages\/4656\/revisions\/4678"}],"wp:attachment":[{"href":"https:\/\/design.csdz.cz\/design\/wp-json\/wp\/v2\/media?parent=4656"}],"curies":[{"name":"wp","href":"https:\/\/api.w.org\/{rel}","templated":true}]}}