{"id":252,"date":"2014-07-23T07:10:14","date_gmt":"2014-07-23T05:10:14","guid":{"rendered":"http:\/\/apicona-data.thememount.com\/?page_id=252"},"modified":"2014-07-23T07:10:14","modified_gmt":"2014-07-23T05:10:14","slug":"fotogalerie","status":"publish","type":"page","link":"https:\/\/design.csdz.cz\/design\/aktuality\/fotogalerie","title":{"rendered":"FOTOGALERIE"},"content":{"rendered":"<div class=\"wpb-content-wrapper\"><p>[vc_row fullwidth=&#8220;&#8220; textcolor=&#8220;default&#8220; bgtype=&#8220;default&#8220; parallax=&#8220;&#8220; bg_video_src_mp4=&#8220;&#8220; bg_video_src_ogg=&#8220;&#8220; bg_video_src_webm=&#8220;&#8220;][vc_column width=&#8220;1\/1&#8243; el_class=&#8220;Z MINUL\u00ddCH AKC\u00cd&#8220;][vc_gallery type=&#8220;image_grid&#8220; interval=&#8220;15&#8243; images=&#8220;3072,3073,3074,3075,3076,3077,3078,3079,3080,3081,3082&#8243; onclick=&#8220;link_image&#8220; custom_links_target=&#8220;_self&#8220; title=&#8220;Terapeutick\u00fd pobyt na statku na Sedl\u010dansku v r\u00e1mci Programu terapeutick\u00e9 podpory rodi\u010d\u016f s du\u0161evn\u00edm onemocn\u011bn\u00edm a jejich d\u011bt\u00ed.&#8220; img_size=&#8220;medium&#8220;][vc_gallery type=&#8220;image_grid&#8220; interval=&#8220;15&#8243; images=&#8220;3006,3007,3008,3009,3010,3011,3012,3013,3014,3015,3016,3017,3018,3019,3020,3021,3022,3023,3024,3025,3026,3027,3028,3029,3030,3031,3032,3033,3034,3035,3036,3037,3038,3039,3040,3041,3042,3043,3044,3045,3046,3047,3048,3049,3050,3051,3052,3053,3054,3055,3056,3057,3058,3059,3060,3061,3062,3063&#8243; onclick=&#8220;link_no&#8220; custom_links_target=&#8220;_self&#8220; title=&#8220;Workshop s Keesem van Restem z Holandska&#8220; img_size=&#8220;medium&#8220;][vc_gallery type=&#8220;image_grid&#8220; interval=&#8220;15&#8243; images=&#8220;2888,2889,2890,2892,2893,2894,2895,2896,2897,2898,2899,2900,2901,2902,2903,2904,2905,2906,2907,2908,2909,2910,2911,2912,2913,2915,2916,2917,2918,2919,2920,2921,2922&#8243; onclick=&#8220;link_image&#8220; custom_links_target=&#8220;_self&#8220; title=&#8220;Z NA\u0160ICH POSLEDN\u00cdCH AKC\u00cd&#8220; img_size=&#8220;medium&#8220;][vc_gallery type=&#8220;image_grid&#8220; interval=&#8220;15&#8243; images=&#8220;2783,2784,2785,2786,2787,2788,2789,2790,2791,2792,2793,2794,2795,2796,2797,2798,2799,2800,2801,2802,2803,2804,2805,2806,2807,2808&#8243; onclick=&#8220;link_image&#8220; custom_links_target=&#8220;_self&#8220; title=&#8220;V\u00fdstava po\u010d\u00edta\u010dov\u00fdch grafik Tom\u00e1\u0161e Va\u0148ka a Divadlo Boh\u00e9m&#8220; img_size=&#8220;medium&#8220;][vc_gallery type=&#8220;image_grid&#8220; interval=&#8220;15&#8243; images=&#8220;2775,2774,2773,2772,2771,2770,2769&#8243; onclick=&#8220;link_no&#8220; custom_links_target=&#8220;_self&#8220; title=&#8220;Setk\u00e1n\u00ed s peer lektory&#8220; img_size=&#8220;medium&#8220;][vc_gallery type=&#8220;image_grid&#8220; interval=&#8220;15&#8243; images=&#8220;2735,2736,2737,2738,2739,2740,2741,2742,2743,2744,2745,2746,2747,2748,2749,2750,2751,2752,2753,2754,2755,2756,2757,2758,2759,2760,2761,2762&#8243; onclick=&#8220;link_no&#8220; custom_links_target=&#8220;_self&#8220; title=&#8220;N\u00e1v\u0161t\u011bva v Norsku&#8220; img_size=&#8220;medium&#8220;][vc_gallery type=&#8220;image_grid&#8220; interval=&#8220;3&#8243; images=&#8220;2660,2662,2667,2665,2664,2653,2656,2659&#8243; onclick=&#8220;link_image&#8220; custom_links_target=&#8220;_self&#8220; title=&#8220;Liter\u00e1rn\u00ed pov\u00edd\u00e1n\u00ed s Tom\u00e1\u0161em Zme\u0161kalem 1. 10. 2015&#8243; img_size=&#8220;medium&#8220; el_class=&#8220;Liter\u00e1rn\u00ed pov\u00edd\u00e1n\u00ed s Tom\u00e1\u0161em Zme\u0161kalem 1. 10. 2015&#8243;][vc_gallery type=&#8220;image_grid&#8220; interval=&#8220;3&#8243; images=&#8220;2416,2415,2413,2412,2414,2384,2467,2466,2465,2464,2463,2462,2461,2460,2459,2458,2457,2456&#8243; onclick=&#8220;link_image&#8220; custom_links_target=&#8220;_self&#8220; title=&#8220;NORSKO&#8220; img_size=&#8220;medium&#8220; el_class=&#8220;Norsko&#8220;][vc_gallery type=&#8220;image_grid&#8220; interval=&#8220;15&#8243; images=&#8220;2299,2301,2302,2303,2304,2306,2307,2308,2309,2310,2311,2312,2313,2314,2315,2316,2318,2319,2320,2322,2323,2324&#8243; onclick=&#8220;link_image&#8220; custom_links_target=&#8220;_self&#8220; title=&#8220;Z MINUL\u00ddCH AKC\u00cd&#8220; img_size=&#8220;medium&#8220;][vc_gallery type=&#8220;image_grid&#8220; interval=&#8220;15&#8243; images=&#8220;2287,2288,2289,2290&#8243; onclick=&#8220;link_no&#8220; custom_links_target=&#8220;_self&#8220; title=&#8220;NA\u0160E PROSTORY&#8220; img_size=&#8220;medium&#8220;][\/vc_column][\/vc_row]<\/p>\n<\/div>","protected":false},"excerpt":{"rendered":"<p>[vc_row fullwidth=&#8220;&#8220; textcolor=&#8220;default&#8220; bgtype=&#8220;default&#8220; parallax=&#8220;&#8220; bg_video_src_mp4=&#8220;&#8220; bg_video_src_ogg=&#8220;&#8220; bg_video_src_webm=&#8220;&#8220;][vc_column width=&#8220;1\/1&#8243; el_class=&#8220;Z MINUL\u00ddCH AKC\u00cd&#8220;][vc_gallery type=&#8220;image_grid&#8220; interval=&#8220;15&#8243; images=&#8220;3072,3073,3074,3075,3076,3077,3078,3079,3080,3081,3082&#8243; onclick=&#8220;link_image&#8220; custom_links_target=&#8220;_self&#8220; title=&#8220;Terapeutick\u00fd pobyt na statku na Sedl\u010dansku v r\u00e1mci Programu terapeutick\u00e9 podpory rodi\u010d\u016f s du\u0161evn\u00edm onemocn\u011bn\u00edm a jejich d\u011bt\u00ed.&#8220; img_size=&#8220;medium&#8220;][vc_gallery type=&#8220;image_grid&#8220; interval=&#8220;15&#8243; images=&#8220;3006,3007,3008,3009,3010,3011,3012,3013,3014,3015,3016,3017,3018,3019,3020,3021,3022,3023,3024,3025,3026,3027,3028,3029,3030,3031,3032,3033,3034,3035,3036,3037,3038,3039,3040,3041,3042,3043,3044,3045,3046,3047,3048,3049,3050,3051,3052,3053,3054,3055,3056,3057,3058,3059,3060,3061,3062,3063&#8243; onclick=&#8220;link_no&#8220; custom_links_target=&#8220;_self&#8220; title=&#8220;Workshop s Keesem van Restem z Holandska&#8220; img_size=&#8220;medium&#8220;][vc_gallery type=&#8220;image_grid&#8220; interval=&#8220;15&#8243; images=&#8220;2888,2889,2890,2892,2893,2894,2895,2896,2897,2898,2899,2900,2901,2902,2903,2904,2905,2906,2907,2908,2909,2910,2911,2912,2913,2915,2916,2917,2918,2919,2920,2921,2922&#8243; onclick=&#8220;link_image&#8220; custom_links_target=&#8220;_self&#8220; title=&#8220;Z [&hellip;]<\/p>\n","protected":false},"author":1,"featured_media":0,"parent":1628,"menu_order":0,"comment_status":"closed","ping_status":"closed","template":"","meta":{"footnotes":""},"class_list":["post-252","page","type-page","status-publish","hentry"],"_links":{"self":[{"href":"https:\/\/design.csdz.cz\/design\/wp-json\/wp\/v2\/pages\/252","targetHints":{"allow":["GET"]}}],"collection":[{"href":"https:\/\/design.csdz.cz\/design\/wp-json\/wp\/v2\/pages"}],"about":[{"href":"https:\/\/design.csdz.cz\/design\/wp-json\/wp\/v2\/types\/page"}],"author":[{"embeddable":true,"href":"https:\/\/design.csdz.cz\/design\/wp-json\/wp\/v2\/users\/1"}],"replies":[{"embeddable":true,"href":"https:\/\/design.csdz.cz\/design\/wp-json\/wp\/v2\/comments?post=252"}],"version-history":[{"count":0,"href":"https:\/\/design.csdz.cz\/design\/wp-json\/wp\/v2\/pages\/252\/revisions"}],"up":[{"embeddable":true,"href":"https:\/\/design.csdz.cz\/design\/wp-json\/wp\/v2\/pages\/1628"}],"wp:attachment":[{"href":"https:\/\/design.csdz.cz\/design\/wp-json\/wp\/v2\/media?parent=252"}],"curies":[{"name":"wp","href":"https:\/\/api.w.org\/{rel}","templated":true}]}}

<div class="wpb-content-wrapper"><p>[vc_row fullwidth=&#8220;&#8220; textcolor=&#8220;default&#8220; bgtype=&#8220;default&#8220; parallax=&#8220;&#8220; bg_video_src_mp4=&#8220;&#8220; bg_video_src_ogg=&#8220;&#8220; bg_video_src_webm=&#8220;&#8220;][vc_column width=&#8220;1/1&#8243; el_class=&#8220;Z MINULÝCH AKCÍ&#8220;][vc_gallery type=&#8220;image_grid&#8220; interval=&#8220;15&#8243; images=&#8220;3072,3073,3074,3075,3076,3077,3078,3079,3080,3081,3082&#8243; onclick=&#8220;link_image&#8220; custom_links_target=&#8220;_self&#8220; title=&#8220;Terapeutický pobyt na statku na Sedlčansku v rámci Programu terapeutické podpory rodičů s duševním onemocněním a jejich dětí.&#8220; img_size=&#8220;medium&#8220;][vc_gallery type=&#8220;image_grid&#8220; interval=&#8220;15&#8243; images=&#8220;3006,3007,3008,3009,3010,3011,3012,3013,3014,3015,3016,3017,3018,3019,3020,3021,3022,3023,3024,3025,3026,3027,3028,3029,3030,3031,3032,3033,3034,3035,3036,3037,3038,3039,3040,3041,3042,3043,3044,3045,3046,3047,3048,3049,3050,3051,3052,3053,3054,3055,3056,3057,3058,3059,3060,3061,3062,3063&#8243; onclick=&#8220;link_no&#8220; custom_links_target=&#8220;_self&#8220; title=&#8220;Workshop s Keesem van Restem z Holandska&#8220; img_size=&#8220;medium&#8220;][vc_gallery type=&#8220;image_grid&#8220; interval=&#8220;15&#8243; images=&#8220;2888,2889,2890,2892,2893,2894,2895,2896,2897,2898,2899,2900,2901,2902,2903,2904,2905,2906,2907,2908,2909,2910,2911,2912,2913,2915,2916,2917,2918,2919,2920,2921,2922&#8243; onclick=&#8220;link_image&#8220; custom_links_target=&#8220;_self&#8220; title=&#8220;Z NAŠICH POSLEDNÍCH AKCÍ&#8220; img_size=&#8220;medium&#8220;][vc_gallery type=&#8220;image_grid&#8220; interval=&#8220;15&#8243; images=&#8220;2783,2784,2785,2786,2787,2788,2789,2790,2791,2792,2793,2794,2795,2796,2797,2798,2799,2800,2801,2802,2803,2804,2805,2806,2807,2808&#8243; onclick=&#8220;link_image&#8220; custom_links_target=&#8220;_self&#8220; title=&#8220;Výstava počítačových grafik Tomáše Vaňka a Divadlo Bohém&#8220; img_size=&#8220;medium&#8220;][vc_gallery type=&#8220;image_grid&#8220; interval=&#8220;15&#8243; images=&#8220;2775,2774,2773,2772,2771,2770,2769&#8243; onclick=&#8220;link_no&#8220; custom_links_target=&#8220;_self&#8220; title=&#8220;Setkání s peer lektory&#8220; img_size=&#8220;medium&#8220;][vc_gallery type=&#8220;image_grid&#8220; interval=&#8220;15&#8243; images=&#8220;2735,2736,2737,2738,2739,2740,2741,2742,2743,2744,2745,2746,2747,2748,2749,2750,2751,2752,2753,2754,2755,2756,2757,2758,2759,2760,2761,2762&#8243; onclick=&#8220;link_no&#8220; custom_links_target=&#8220;_self&#8220; title=&#8220;Návštěva v Norsku&#8220; img_size=&#8220;medium&#8220;][vc_gallery type=&#8220;image_grid&#8220; interval=&#8220;3&#8243; images=&#8220;2660,2662,2667,2665,2664,2653,2656,2659&#8243; onclick=&#8220;link_image&#8220; custom_links_target=&#8220;_self&#8220; title=&#8220;Literární povídání s Tomášem Zmeškalem 1. 10. 2015&#8243; img_size=&#8220;medium&#8220; el_class=&#8220;Literární povídání s Tomášem Zmeškalem 1. 10. 2015&#8243;][vc_gallery type=&#8220;image_grid&#8220; interval=&#8220;3&#8243; images=&#8220;2416,2415,2413,2412,2414,2384,2467,2466,2465,2464,2463,2462,2461,2460,2459,2458,2457,2456&#8243; onclick=&#8220;link_image&#8220; custom_links_target=&#8220;_self&#8220; title=&#8220;NORSKO&#8220; img_size=&#8220;medium&#8220; el_class=&#8220;Norsko&#8220;][vc_gallery type=&#8220;image_grid&#8220; interval=&#8220;15&#8243; images=&#8220;2299,2301,2302,2303,2304,2306,2307,2308,2309,2310,2311,2312,2313,2314,2315,2316,2318,2319,2320,2322,2323,2324&#8243; onclick=&#8220;link_image&#8220; custom_links_target=&#8220;_self&#8220; title=&#8220;Z MINULÝCH AKCÍ&#8220; img_size=&#8220;medium&#8220;][vc_gallery type=&#8220;image_grid&#8220; interval=&#8220;15&#8243; images=&#8220;2287,2288,2289,2290&#8243; onclick=&#8220;link_no&#8220; custom_links_target=&#8220;_self&#8220; title=&#8220;NAŠE PROSTORY&#8220; img_size=&#8220;medium&#8220;][/vc_column][/vc_row]</p>
</div>

<p>[vc_row fullwidth=&#8220;&#8220; textcolor=&#8220;default&#8220; bgtype=&#8220;default&#8220; parallax=&#8220;&#8220; bg_video_src_mp4=&#8220;&#8220; bg_video_src_ogg=&#8220;&#8220; bg_video_src_webm=&#8220;&#8220;][vc_column width=&#8220;1/1&#8243; el_class=&#8220;Z MINULÝCH AKCÍ&#8220;][vc_gallery type=&#8220;image_grid&#8220; interval=&#8220;15&#8243; images=&#8220;3072,3073,3074,3075,3076,3077,3078,3079,3080,3081,3082&#8243; onclick=&#8220;link_image&#8220; custom_links_target=&#8220;_self&#8220; title=&#8220;Terapeutický pobyt na statku na Sedlčansku v rámci Programu terapeutické podpory rodičů s duševním onemocněním a jejich dětí.&#8220; img_size=&#8220;medium&#8220;][vc_gallery type=&#8220;image_grid&#8220; interval=&#8220;15&#8243; images=&#8220;3006,3007,3008,3009,3010,3011,3012,3013,3014,3015,3016,3017,3018,3019,3020,3021,3022,3023,3024,3025,3026,3027,3028,3029,3030,3031,3032,3033,3034,3035,3036,3037,3038,3039,3040,3041,3042,3043,3044,3045,3046,3047,3048,3049,3050,3051,3052,3053,3054,3055,3056,3057,3058,3059,3060,3061,3062,3063&#8243; onclick=&#8220;link_no&#8220; custom_links_target=&#8220;_self&#8220; title=&#8220;Workshop s Keesem van Restem z Holandska&#8220; img_size=&#8220;medium&#8220;][vc_gallery type=&#8220;image_grid&#8220; interval=&#8220;15&#8243; images=&#8220;2888,2889,2890,2892,2893,2894,2895,2896,2897,2898,2899,2900,2901,2902,2903,2904,2905,2906,2907,2908,2909,2910,2911,2912,2913,2915,2916,2917,2918,2919,2920,2921,2922&#8243; onclick=&#8220;link_image&#8220; custom_links_target=&#8220;_self&#8220; title=&#8220;Z [&hellip;]</p>
