{"id":2203,"date":"2015-08-25T10:11:01","date_gmt":"2015-08-25T08:11:01","guid":{"rendered":"http:\/\/www.csdz.cz\/?page_id=2203"},"modified":"2015-08-25T10:11:01","modified_gmt":"2015-08-25T08:11:01","slug":"programy-a-zajmove-aktivity","status":"publish","type":"page","link":"https:\/\/design.csdz.cz\/design\/programy-a-zajmove-aktivity","title":{"rendered":"PROGRAMY A Z\u00c1JMOV\u00c9 AKTIVITY"},"content":{"rendered":"<div class=\"wpb-content-wrapper\"><p>[vc_row fullwidth=&#8220;&#8220; textcolor=&#8220;default&#8220; bgtype=&#8220;default&#8220; parallax=&#8220;&#8220; bg_video_src_mp4=&#8220;&#8220; bg_video_src_ogg=&#8220;&#8220; bg_video_src_webm=&#8220;&#8220;][vc_column width=&#8220;1\/1&#8243;]<div class=\"row multi-columns-row thememount-portfolio-boxes-wrapper thememount-portfolio-view-default thememount-effect-default thememount-items-col-two  thememount-pf-ajax-sorting-no\" \r\n\t\tdata-show=\"-1\" \r\n\t\tdata-column=\"two\" \r\n\t\tdata-pagination=\"no\" \r\n\t\tdata-category=\"\"\r\n\t\tdata-orderby=\"\"\r\n\t\tdata-order=\"DESC\"\r\n\t\tdata-paged=\"1\"\r\n\t\tdata-sortable=\"no\"\r\n\t\tdata-catorderby=\"\"\r\n\t\tdata-catorder=\"ASC\"\r\n\t\tid=\"thememount-portfolio-id-19691030\"  ><div class=\"thememount-portfolio-text col-xs-12 col-sm-12 col-md-12 col-lg-12\"><header class=\"thememount-heading-wrapper thememount-heading-wrapper-align-center\"><div class=\"thememount-heading-wrapper-inner\"><h2 class=\"thememount-heading-align-center\"><span>VZD\u011aL\u00c1VAC\u00cd, TR\u00c9NINKOV\u00c9 A Z\u00c1JMOV\u00c9 AKTIVITY<\/span><\/h2><\/div><p class=\"thememount-subheading\">P\u0159ij\u010fte si k n\u00e1m pro radu, pro pomoc nebo si vyberte n\u011bkterou z na\u0161ich z\u00e1jmov\u00fdch aktivit!<\/p><\/header><\/div><div class=\"thememount-portfolio-boxes col-xs-12 col-sm-12 col-md-12 col-lg-12\"><div class=\"thememount-items-wrapper  thememount-portfolio-boxes-inner portfolio-wrapper row\">\r\n\t\t<article class=\"portfolio-box tm-box col-lg-6 col-sm-6 col-md-6 col-xs-12 hledejme-reseni thememount-box\">\r\n\t\t\t<div class=\"item\">\r\n\t\t\t\t<div class=\"item-thumbnail\">\r\n\t\t\t\t\t<img loading=\"lazy\" decoding=\"async\" width=\"1110\" height=\"624\" src=\"https:\/\/design.csdz.cz\/design\/wp-content\/uploads\/2022\/01\/team-4529717_1920-1110x624.jpg\" class=\"attachment-portfolio-two-column size-portfolio-two-column wp-post-image\" alt=\"\" srcset=\"https:\/\/design.csdz.cz\/design\/wp-content\/uploads\/2022\/01\/team-4529717_1920-1110x624.jpg 1110w, https:\/\/design.csdz.cz\/design\/wp-content\/uploads\/2022\/01\/team-4529717_1920-720x406.jpg 720w, https:\/\/design.csdz.cz\/design\/wp-content\/uploads\/2022\/01\/team-4529717_1920-750x422.jpg 750w, https:\/\/design.csdz.cz\/design\/wp-content\/uploads\/2022\/01\/team-4529717_1920-727x409.jpg 727w\" sizes=\"auto, (max-width: 1110px) 100vw, 1110px\" \/>\r\n\t\t\t\t\t<div class=\"overthumb\"><\/div>\r\n\t\t\t\t\t<div class=\"icons\">\r\n\t\t\t\t\t\t<a href=\"https:\/\/design.csdz.cz\/design\/wp-content\/uploads\/2022\/01\/team-4529717_1920.jpg\" class=\"thememount_pf_featured\" title=\"Skupina zotaven\u00ed\" data-rel=\"prettyPhoto\"><i class=\"tmicon-fa-image\"><\/i><\/a>\r\n\t\t\t\t\t\t<a href=\"https:\/\/design.csdz.cz\/design\/portfolio\/podpurna-a-vzdelavaci-skupina-gps\" class=\"thememount_pf_link\"><i class=\"tmicon-fa-link\"><\/i><\/a>\r\n\t\t\t\t\t<\/div>\r\n\t\t\t\t<\/div>\r\n\t\t\t\t<div class=\"item-content\">\r\n\t\t\t\t\t<!-- Like -->\r\n\t\t\t\t<div class=\"thememount-portfolio-likes-wrapper\">\r\n\t\t\t\t\t<a class=\"thememount-portfolio-likes \" href=\"#\" id=\"pid-4049\">\r\n\t\t\t\t\t\t<i class=\"tmicon-fa-heart-o\"><\/i>&nbsp;9\r\n\t\t\t\t\t<\/a>\r\n\t\t\t\t<\/div>\r\n\t\t\t\t\t<h4><a href=\"https:\/\/design.csdz.cz\/design\/portfolio\/podpurna-a-vzdelavaci-skupina-gps\">Skupina zotaven\u00ed<\/a><\/h4>\r\n\t\t\t\t\t<p>Poj\u010fme hledat spole\u010dn\u011b \u0159e\u0161en\u00ed!<\/p>\r\n\t\t\t\t<\/div>\r\n\t\t\t<\/div>\r\n\t\t\t\r\n\t\t<\/article>\r\n\t\r\n\t\t<article class=\"portfolio-box tm-box col-lg-6 col-sm-6 col-md-6 col-xs-12 terenni-podpora thememount-box\">\r\n\t\t\t<div class=\"item\">\r\n\t\t\t\t<div class=\"item-thumbnail\">\r\n\t\t\t\t\t<img loading=\"lazy\" decoding=\"async\" width=\"1110\" height=\"624\" src=\"https:\/\/design.csdz.cz\/design\/wp-content\/uploads\/2017\/01\/DeathtoStock_Creative-Community5-1110x624.jpg\" class=\"attachment-portfolio-two-column size-portfolio-two-column wp-post-image\" alt=\"\" srcset=\"https:\/\/design.csdz.cz\/design\/wp-content\/uploads\/2017\/01\/DeathtoStock_Creative-Community5-1110x624.jpg 1110w, https:\/\/design.csdz.cz\/design\/wp-content\/uploads\/2017\/01\/DeathtoStock_Creative-Community5-720x406.jpg 720w, https:\/\/design.csdz.cz\/design\/wp-content\/uploads\/2017\/01\/DeathtoStock_Creative-Community5-750x422.jpg 750w, https:\/\/design.csdz.cz\/design\/wp-content\/uploads\/2017\/01\/DeathtoStock_Creative-Community5-727x409.jpg 727w\" sizes=\"auto, (max-width: 1110px) 100vw, 1110px\" \/>\r\n\t\t\t\t\t<div class=\"overthumb\"><\/div>\r\n\t\t\t\t\t<div class=\"icons\">\r\n\t\t\t\t\t\t<a href=\"https:\/\/design.csdz.cz\/design\/wp-content\/uploads\/2017\/01\/DeathtoStock_Creative-Community5-scaled.jpg\" class=\"thememount_pf_featured\" title=\"Ter\u00e9nn\u00ed t\u00fdm\" data-rel=\"prettyPhoto\"><i class=\"tmicon-fa-image\"><\/i><\/a>\r\n\t\t\t\t\t\t<a href=\"https:\/\/design.csdz.cz\/design\/portfolio\/terenni-tym\" class=\"thememount_pf_link\"><i class=\"tmicon-fa-link\"><\/i><\/a>\r\n\t\t\t\t\t<\/div>\r\n\t\t\t\t<\/div>\r\n\t\t\t\t<div class=\"item-content\">\r\n\t\t\t\t\t<!-- Like -->\r\n\t\t\t\t<div class=\"thememount-portfolio-likes-wrapper\">\r\n\t\t\t\t\t<a class=\"thememount-portfolio-likes \" href=\"#\" id=\"pid-3201\">\r\n\t\t\t\t\t\t<i class=\"tmicon-fa-heart-o\"><\/i>&nbsp;132\r\n\t\t\t\t\t<\/a>\r\n\t\t\t\t<\/div>\r\n\t\t\t\t\t<h4><a href=\"https:\/\/design.csdz.cz\/design\/portfolio\/terenni-tym\">Ter\u00e9nn\u00ed t\u00fdm<\/a><\/h4>\r\n\t\t\t\t\t<p>Ter\u00e9nn\u00ed podpora<\/p>\r\n\t\t\t\t<\/div>\r\n\t\t\t<\/div>\r\n\t\t\t\r\n\t\t<\/article>\r\n\t\r\n\t\t<article class=\"portfolio-box tm-box col-lg-6 col-sm-6 col-md-6 col-xs-12 objevte-svuj-herecky-talent thememount-box\">\r\n\t\t\t<div class=\"item\">\r\n\t\t\t\t<div class=\"item-thumbnail\">\r\n\t\t\t\t\t<img loading=\"lazy\" decoding=\"async\" width=\"1110\" height=\"624\" src=\"https:\/\/design.csdz.cz\/design\/wp-content\/uploads\/2022\/01\/people-2567915_1920-1110x624.jpg\" class=\"attachment-portfolio-two-column size-portfolio-two-column wp-post-image\" alt=\"\" srcset=\"https:\/\/design.csdz.cz\/design\/wp-content\/uploads\/2022\/01\/people-2567915_1920-1110x624.jpg 1110w, https:\/\/design.csdz.cz\/design\/wp-content\/uploads\/2022\/01\/people-2567915_1920-720x406.jpg 720w, https:\/\/design.csdz.cz\/design\/wp-content\/uploads\/2022\/01\/people-2567915_1920-750x422.jpg 750w, https:\/\/design.csdz.cz\/design\/wp-content\/uploads\/2022\/01\/people-2567915_1920-727x409.jpg 727w\" sizes=\"auto, (max-width: 1110px) 100vw, 1110px\" \/>\r\n\t\t\t\t\t<div class=\"overthumb\"><\/div>\r\n\t\t\t\t\t<div class=\"icons\">\r\n\t\t\t\t\t\t<a href=\"https:\/\/design.csdz.cz\/design\/wp-content\/uploads\/2022\/01\/people-2567915_1920.jpg\" class=\"thememount_pf_featured\" title=\"Sv\u00e9pomocn\u00e1 skupina GPS\" data-rel=\"prettyPhoto\"><i class=\"tmicon-fa-image\"><\/i><\/a>\r\n\t\t\t\t\t\t<a href=\"https:\/\/design.csdz.cz\/design\/portfolio\/autorske-divadlo-bohem\" class=\"thememount_pf_link\"><i class=\"tmicon-fa-link\"><\/i><\/a>\r\n\t\t\t\t\t<\/div>\r\n\t\t\t\t<\/div>\r\n\t\t\t\t<div class=\"item-content\">\r\n\t\t\t\t\t<!-- Like -->\r\n\t\t\t\t<div class=\"thememount-portfolio-likes-wrapper\">\r\n\t\t\t\t\t<a class=\"thememount-portfolio-likes \" href=\"#\" id=\"pid-2726\">\r\n\t\t\t\t\t\t<i class=\"tmicon-fa-heart-o\"><\/i>&nbsp;100\r\n\t\t\t\t\t<\/a>\r\n\t\t\t\t<\/div>\r\n\t\t\t\t\t<h4><a href=\"https:\/\/design.csdz.cz\/design\/portfolio\/autorske-divadlo-bohem\">Sv\u00e9pomocn\u00e1 skupina GPS<\/a><\/h4>\r\n\t\t\t\t\t<p>Aktu\u00e1ln\u011b hled\u00e1me nov\u00e9 \u010dleny<\/p>\r\n\t\t\t\t<\/div>\r\n\t\t\t<\/div>\r\n\t\t\t\r\n\t\t<\/article>\r\n\t\r\n\t\t<article class=\"portfolio-box tm-box col-lg-6 col-sm-6 col-md-6 col-xs-12 terapeuticka-podpora thememount-box\">\r\n\t\t\t<div class=\"item\">\r\n\t\t\t\t<div class=\"item-thumbnail\">\r\n\t\t\t\t\t<img loading=\"lazy\" decoding=\"async\" width=\"1110\" height=\"624\" src=\"https:\/\/design.csdz.cz\/design\/wp-content\/uploads\/2021\/08\/IMG_3420-1110x624.jpg\" class=\"attachment-portfolio-two-column size-portfolio-two-column wp-post-image\" alt=\"\" srcset=\"https:\/\/design.csdz.cz\/design\/wp-content\/uploads\/2021\/08\/IMG_3420-1110x624.jpg 1110w, https:\/\/design.csdz.cz\/design\/wp-content\/uploads\/2021\/08\/IMG_3420-720x406.jpg 720w, https:\/\/design.csdz.cz\/design\/wp-content\/uploads\/2021\/08\/IMG_3420-750x422.jpg 750w, https:\/\/design.csdz.cz\/design\/wp-content\/uploads\/2021\/08\/IMG_3420-727x409.jpg 727w\" sizes=\"auto, (max-width: 1110px) 100vw, 1110px\" \/>\r\n\t\t\t\t\t<div class=\"overthumb\"><\/div>\r\n\t\t\t\t\t<div class=\"icons\">\r\n\t\t\t\t\t\t<a href=\"https:\/\/design.csdz.cz\/design\/wp-content\/uploads\/2021\/08\/IMG_3420-scaled.jpg\" class=\"thememount_pf_featured\" title=\"Skupina pro rodi\u010de a d\u011bti\" data-rel=\"prettyPhoto\"><i class=\"tmicon-fa-image\"><\/i><\/a>\r\n\t\t\t\t\t\t<a href=\"https:\/\/design.csdz.cz\/design\/portfolio\/dlouhodoba-terapeuticka-podpora-rodicu-se-zkusenosti-s-dusevnim-onemocnenim\" class=\"thememount_pf_link\"><i class=\"tmicon-fa-link\"><\/i><\/a>\r\n\t\t\t\t\t<\/div>\r\n\t\t\t\t<\/div>\r\n\t\t\t\t<div class=\"item-content\">\r\n\t\t\t\t\t<!-- Like -->\r\n\t\t\t\t<div class=\"thememount-portfolio-likes-wrapper\">\r\n\t\t\t\t\t<a class=\"thememount-portfolio-likes \" href=\"#\" id=\"pid-2293\">\r\n\t\t\t\t\t\t<i class=\"tmicon-fa-heart-o\"><\/i>&nbsp;170\r\n\t\t\t\t\t<\/a>\r\n\t\t\t\t<\/div>\r\n\t\t\t\t\t<h4><a href=\"https:\/\/design.csdz.cz\/design\/portfolio\/dlouhodoba-terapeuticka-podpora-rodicu-se-zkusenosti-s-dusevnim-onemocnenim\">Skupina pro rodi\u010de a d\u011bti<\/a><\/h4>\r\n\t\t\t\t\t<p>Dlouhodob\u00e1 terapeutick\u00e1 podpora rodi\u010d\u016f se zku\u0161enost\u00ed s du\u0161evn\u00edm onemocn\u011bn\u00edm a jejich d\u011bt\u00ed<\/p>\r\n\t\t\t\t<\/div>\r\n\t\t\t<\/div>\r\n\t\t\t\r\n\t\t<\/article>\r\n\t\r\n\t\t<article class=\"portfolio-box tm-box col-lg-6 col-sm-6 col-md-6 col-xs-12 joga thememount-box\">\r\n\t\t\t<div class=\"item\">\r\n\t\t\t\t<div class=\"item-thumbnail\">\r\n\t\t\t\t\t<img loading=\"lazy\" decoding=\"async\" width=\"1110\" height=\"624\" src=\"https:\/\/design.csdz.cz\/design\/wp-content\/uploads\/2015\/08\/balance-110850-1110x624.jpg\" class=\"attachment-portfolio-two-column size-portfolio-two-column wp-post-image\" alt=\"\" srcset=\"https:\/\/design.csdz.cz\/design\/wp-content\/uploads\/2015\/08\/balance-110850-1110x624.jpg 1110w, https:\/\/design.csdz.cz\/design\/wp-content\/uploads\/2015\/08\/balance-110850-720x406.jpg 720w, https:\/\/design.csdz.cz\/design\/wp-content\/uploads\/2015\/08\/balance-110850-750x422.jpg 750w, https:\/\/design.csdz.cz\/design\/wp-content\/uploads\/2015\/08\/balance-110850-727x409.jpg 727w\" sizes=\"auto, (max-width: 1110px) 100vw, 1110px\" \/>\r\n\t\t\t\t\t<div class=\"overthumb\"><\/div>\r\n\t\t\t\t\t<div class=\"icons\">\r\n\t\t\t\t\t\t<a href=\"https:\/\/design.csdz.cz\/design\/wp-content\/uploads\/2015\/08\/balance-110850.jpg\" class=\"thememount_pf_featured\" title=\"Cvi\u010den\u00ed hathaj\u00f3gy\" data-rel=\"prettyPhoto\"><i class=\"tmicon-fa-image\"><\/i><\/a>\r\n\t\t\t\t\t\t<a href=\"https:\/\/design.csdz.cz\/design\/portfolio\/relaxacni-techniky\" class=\"thememount_pf_link\"><i class=\"tmicon-fa-link\"><\/i><\/a>\r\n\t\t\t\t\t<\/div>\r\n\t\t\t\t<\/div>\r\n\t\t\t\t<div class=\"item-content\">\r\n\t\t\t\t\t<!-- Like -->\r\n\t\t\t\t<div class=\"thememount-portfolio-likes-wrapper\">\r\n\t\t\t\t\t<a class=\"thememount-portfolio-likes \" href=\"#\" id=\"pid-2228\">\r\n\t\t\t\t\t\t<i class=\"tmicon-fa-heart-o\"><\/i>&nbsp;93\r\n\t\t\t\t\t<\/a>\r\n\t\t\t\t<\/div>\r\n\t\t\t\t\t<h4><a href=\"https:\/\/design.csdz.cz\/design\/portfolio\/relaxacni-techniky\">Cvi\u010den\u00ed hathaj\u00f3gy<\/a><\/h4>\r\n\t\t\t\t\t<p>P\u0159ij\u010fte si s n\u00e1mi zacvi\u010dit<\/p>\r\n\t\t\t\t<\/div>\r\n\t\t\t<\/div>\r\n\t\t\t\r\n\t\t<\/article>\r\n\t\r\n\t\t<article class=\"portfolio-box tm-box col-lg-6 col-sm-6 col-md-6 col-xs-12 tenis thememount-box\">\r\n\t\t\t<div class=\"item\">\r\n\t\t\t\t<div class=\"item-thumbnail\">\r\n\t\t\t\t\t<img loading=\"lazy\" decoding=\"async\" width=\"1110\" height=\"624\" src=\"https:\/\/design.csdz.cz\/design\/wp-content\/uploads\/2015\/08\/white-board-593349-1110x624.jpg\" class=\"attachment-portfolio-two-column size-portfolio-two-column wp-post-image\" alt=\"\" srcset=\"https:\/\/design.csdz.cz\/design\/wp-content\/uploads\/2015\/08\/white-board-593349-1110x624.jpg 1110w, https:\/\/design.csdz.cz\/design\/wp-content\/uploads\/2015\/08\/white-board-593349-720x406.jpg 720w, https:\/\/design.csdz.cz\/design\/wp-content\/uploads\/2015\/08\/white-board-593349-750x422.jpg 750w, https:\/\/design.csdz.cz\/design\/wp-content\/uploads\/2015\/08\/white-board-593349-727x409.jpg 727w\" sizes=\"auto, (max-width: 1110px) 100vw, 1110px\" \/>\r\n\t\t\t\t\t<div class=\"overthumb\"><\/div>\r\n\t\t\t\t\t<div class=\"icons\">\r\n\t\t\t\t\t\t<a href=\"https:\/\/design.csdz.cz\/design\/wp-content\/uploads\/2015\/08\/white-board-593349-scaled.jpg\" class=\"thememount_pf_featured\" title=\"Tr\u00e9ninky stoln\u00edho tenisu\" data-rel=\"prettyPhoto\"><i class=\"tmicon-fa-image\"><\/i><\/a>\r\n\t\t\t\t\t\t<a href=\"https:\/\/design.csdz.cz\/design\/portfolio\/treninky-stolniho-tenisu\" class=\"thememount_pf_link\"><i class=\"tmicon-fa-link\"><\/i><\/a>\r\n\t\t\t\t\t<\/div>\r\n\t\t\t\t<\/div>\r\n\t\t\t\t<div class=\"item-content\">\r\n\t\t\t\t\t<!-- Like -->\r\n\t\t\t\t<div class=\"thememount-portfolio-likes-wrapper\">\r\n\t\t\t\t\t<a class=\"thememount-portfolio-likes \" href=\"#\" id=\"pid-2226\">\r\n\t\t\t\t\t\t<i class=\"tmicon-fa-heart-o\"><\/i>&nbsp;135\r\n\t\t\t\t\t<\/a>\r\n\t\t\t\t<\/div>\r\n\t\t\t\t\t<h4><a href=\"https:\/\/design.csdz.cz\/design\/portfolio\/treninky-stolniho-tenisu\">Tr\u00e9ninky stoln\u00edho tenisu<\/a><\/h4>\r\n\t\t\t\t\t<p>Nam\u00e1te p\u00e1lku? My v\u00e1m ji p\u016fj\u010d\u00edme!<\/p>\r\n\t\t\t\t<\/div>\r\n\t\t\t<\/div>\r\n\t\t\t\r\n\t\t<\/article>\r\n\t\r\n\t\t<article class=\"portfolio-box tm-box col-lg-6 col-sm-6 col-md-6 col-xs-12 mozkove-zavity thememount-box\">\r\n\t\t\t<div class=\"item\">\r\n\t\t\t\t<div class=\"item-thumbnail\">\r\n\t\t\t\t\t<img loading=\"lazy\" decoding=\"async\" width=\"1110\" height=\"624\" src=\"https:\/\/design.csdz.cz\/design\/wp-content\/uploads\/2015\/08\/dragonfly-862885_v2-1110x624.jpg\" class=\"attachment-portfolio-two-column size-portfolio-two-column wp-post-image\" alt=\"\" srcset=\"https:\/\/design.csdz.cz\/design\/wp-content\/uploads\/2015\/08\/dragonfly-862885_v2-1110x624.jpg 1110w, https:\/\/design.csdz.cz\/design\/wp-content\/uploads\/2015\/08\/dragonfly-862885_v2-720x406.jpg 720w, https:\/\/design.csdz.cz\/design\/wp-content\/uploads\/2015\/08\/dragonfly-862885_v2-750x422.jpg 750w, https:\/\/design.csdz.cz\/design\/wp-content\/uploads\/2015\/08\/dragonfly-862885_v2-727x409.jpg 727w\" sizes=\"auto, (max-width: 1110px) 100vw, 1110px\" \/>\r\n\t\t\t\t\t<div class=\"overthumb\"><\/div>\r\n\t\t\t\t\t<div class=\"icons\">\r\n\t\t\t\t\t\t<a href=\"https:\/\/design.csdz.cz\/design\/wp-content\/uploads\/2015\/08\/dragonfly-862885_v2-scaled.jpg\" class=\"thememount_pf_featured\" title=\"Mozkov\u00e1 posilovna\" data-rel=\"prettyPhoto\"><i class=\"tmicon-fa-image\"><\/i><\/a>\r\n\t\t\t\t\t\t<a href=\"https:\/\/design.csdz.cz\/design\/portfolio\/tvorive-odpoledne\" class=\"thememount_pf_link\"><i class=\"tmicon-fa-link\"><\/i><\/a>\r\n\t\t\t\t\t<\/div>\r\n\t\t\t\t<\/div>\r\n\t\t\t\t<div class=\"item-content\">\r\n\t\t\t\t\t<!-- Like -->\r\n\t\t\t\t<div class=\"thememount-portfolio-likes-wrapper\">\r\n\t\t\t\t\t<a class=\"thememount-portfolio-likes \" href=\"#\" id=\"pid-2224\">\r\n\t\t\t\t\t\t<i class=\"tmicon-fa-heart-o\"><\/i>&nbsp;50\r\n\t\t\t\t\t<\/a>\r\n\t\t\t\t<\/div>\r\n\t\t\t\t\t<h4><a href=\"https:\/\/design.csdz.cz\/design\/portfolio\/tvorive-odpoledne\">Mozkov\u00e1 posilovna<\/a><\/h4>\r\n\t\t\t\t\t<p>M\u00e1te zad\u0159en\u00e9 mozkov\u00e9 z\u00e1vity? P\u0159ij\u010fte si je promazat!<\/p>\r\n\t\t\t\t<\/div>\r\n\t\t\t<\/div>\r\n\t\t\t\r\n\t\t<\/article>\r\n\t\r\n\t\t<article class=\"portfolio-box tm-box col-lg-6 col-sm-6 col-md-6 col-xs-12 zdravi thememount-box\">\r\n\t\t\t<div class=\"item\">\r\n\t\t\t\t<div class=\"item-thumbnail\">\r\n\t\t\t\t\t<img loading=\"lazy\" decoding=\"async\" width=\"1110\" height=\"624\" src=\"https:\/\/design.csdz.cz\/design\/wp-content\/uploads\/2015\/08\/jump-628431-1110x624.jpg\" class=\"attachment-portfolio-two-column size-portfolio-two-column wp-post-image\" alt=\"\" srcset=\"https:\/\/design.csdz.cz\/design\/wp-content\/uploads\/2015\/08\/jump-628431-1110x624.jpg 1110w, https:\/\/design.csdz.cz\/design\/wp-content\/uploads\/2015\/08\/jump-628431-720x406.jpg 720w, https:\/\/design.csdz.cz\/design\/wp-content\/uploads\/2015\/08\/jump-628431-750x422.jpg 750w, https:\/\/design.csdz.cz\/design\/wp-content\/uploads\/2015\/08\/jump-628431-727x409.jpg 727w\" sizes=\"auto, (max-width: 1110px) 100vw, 1110px\" \/>\r\n\t\t\t\t\t<div class=\"overthumb\"><\/div>\r\n\t\t\t\t\t<div class=\"icons\">\r\n\t\t\t\t\t\t<a href=\"https:\/\/design.csdz.cz\/design\/wp-content\/uploads\/2015\/08\/jump-628431-scaled.jpg\" class=\"thememount_pf_featured\" title=\"Podpora spole\u010densk\u00e9ho vy\u017eit\u00ed  a zdrav\u00e9ho \u017eivotn\u00edho stylu\" data-rel=\"prettyPhoto\"><i class=\"tmicon-fa-image\"><\/i><\/a>\r\n\t\t\t\t\t\t<a href=\"https:\/\/design.csdz.cz\/design\/portfolio\/program-pro-dobre-zdravi\" class=\"thememount_pf_link\"><i class=\"tmicon-fa-link\"><\/i><\/a>\r\n\t\t\t\t\t<\/div>\r\n\t\t\t\t<\/div>\r\n\t\t\t\t<div class=\"item-content\">\r\n\t\t\t\t\t<!-- Like -->\r\n\t\t\t\t<div class=\"thememount-portfolio-likes-wrapper\">\r\n\t\t\t\t\t<a class=\"thememount-portfolio-likes \" href=\"#\" id=\"pid-2222\">\r\n\t\t\t\t\t\t<i class=\"tmicon-fa-heart-o\"><\/i>&nbsp;25\r\n\t\t\t\t\t<\/a>\r\n\t\t\t\t<\/div>\r\n\t\t\t\t\t<h4><a href=\"https:\/\/design.csdz.cz\/design\/portfolio\/program-pro-dobre-zdravi\">Podpora spole\u010densk\u00e9ho vy\u017eit\u00ed  a zdrav\u00e9ho \u017eivotn\u00edho stylu<\/a><\/h4>\r\n\t\t\t\t\t<p>Poj\u010fme spolu pob\u00fdt!<\/p>\r\n\t\t\t\t<\/div>\r\n\t\t\t<\/div>\r\n\t\t\t\r\n\t\t<\/article>\r\n\t\r\n\t\t<article class=\"portfolio-box tm-box col-lg-6 col-sm-6 col-md-6 col-xs-12 nabizime-pomoc-a-podporu-na-uradech-i-v-osobnim-zivote thememount-box\">\r\n\t\t\t<div class=\"item\">\r\n\t\t\t\t<div class=\"item-thumbnail\">\r\n\t\t\t\t\t<img loading=\"lazy\" decoding=\"async\" width=\"1110\" height=\"624\" src=\"https:\/\/design.csdz.cz\/design\/wp-content\/uploads\/2015\/09\/nature-3205038_1920-1110x624.jpg\" class=\"attachment-portfolio-two-column size-portfolio-two-column wp-post-image\" alt=\"\" srcset=\"https:\/\/design.csdz.cz\/design\/wp-content\/uploads\/2015\/09\/nature-3205038_1920-1110x624.jpg 1110w, https:\/\/design.csdz.cz\/design\/wp-content\/uploads\/2015\/09\/nature-3205038_1920-720x406.jpg 720w, https:\/\/design.csdz.cz\/design\/wp-content\/uploads\/2015\/09\/nature-3205038_1920-750x422.jpg 750w, https:\/\/design.csdz.cz\/design\/wp-content\/uploads\/2015\/09\/nature-3205038_1920-727x409.jpg 727w\" sizes=\"auto, (max-width: 1110px) 100vw, 1110px\" \/>\r\n\t\t\t\t\t<div class=\"overthumb\"><\/div>\r\n\t\t\t\t\t<div class=\"icons\">\r\n\t\t\t\t\t\t<a href=\"https:\/\/design.csdz.cz\/design\/wp-content\/uploads\/2015\/09\/nature-3205038_1920.jpg\" class=\"thememount_pf_featured\" title=\"Komunitn\u00ed  soci\u00e1ln\u00ed pr\u00e1ce\" data-rel=\"prettyPhoto\"><i class=\"tmicon-fa-image\"><\/i><\/a>\r\n\t\t\t\t\t\t<a href=\"https:\/\/design.csdz.cz\/design\/portfolio\/rehabilitacne-treninkova-dilna\" class=\"thememount_pf_link\"><i class=\"tmicon-fa-link\"><\/i><\/a>\r\n\t\t\t\t\t<\/div>\r\n\t\t\t\t<\/div>\r\n\t\t\t\t<div class=\"item-content\">\r\n\t\t\t\t\t<!-- Like -->\r\n\t\t\t\t<div class=\"thememount-portfolio-likes-wrapper\">\r\n\t\t\t\t\t<a class=\"thememount-portfolio-likes \" href=\"#\" id=\"pid-2219\">\r\n\t\t\t\t\t\t<i class=\"tmicon-fa-heart-o\"><\/i>&nbsp;6\r\n\t\t\t\t\t<\/a>\r\n\t\t\t\t<\/div>\r\n\t\t\t\t\t<h4><a href=\"https:\/\/design.csdz.cz\/design\/portfolio\/rehabilitacne-treninkova-dilna\">Komunitn\u00ed  soci\u00e1ln\u00ed pr\u00e1ce<\/a><\/h4>\r\n\t\t\t\t\t<p>Nab\u00edz\u00edme pomoc a podporu na \u00fa\u0159adech i v osobn\u00edm \u017eivot\u011b<\/p>\r\n\t\t\t\t<\/div>\r\n\t\t\t<\/div>\r\n\t\t\t\r\n\t\t<\/article>\r\n\t<\/div><!-- .thememount-items-wrapper --><\/div><\/div>[\/vc_column][\/vc_row]<\/p>\n<\/div>","protected":false},"excerpt":{"rendered":"<p>[vc_row fullwidth=&#8220;&#8220; textcolor=&#8220;default&#8220; bgtype=&#8220;default&#8220; parallax=&#8220;&#8220; bg_video_src_mp4=&#8220;&#8220; bg_video_src_ogg=&#8220;&#8220; bg_video_src_webm=&#8220;&#8220;][vc_column width=&#8220;1\/1&#8243;][\/vc_column][\/vc_row]<\/p>\n","protected":false},"author":1,"featured_media":0,"parent":0,"menu_order":0,"comment_status":"closed","ping_status":"closed","template":"","meta":{"footnotes":""},"class_list":["post-2203","page","type-page","status-publish","hentry"],"_links":{"self":[{"href":"https:\/\/design.csdz.cz\/design\/wp-json\/wp\/v2\/pages\/2203","targetHints":{"allow":["GET"]}}],"collection":[{"href":"https:\/\/design.csdz.cz\/design\/wp-json\/wp\/v2\/pages"}],"about":[{"href":"https:\/\/design.csdz.cz\/design\/wp-json\/wp\/v2\/types\/page"}],"author":[{"embeddable":true,"href":"https:\/\/design.csdz.cz\/design\/wp-json\/wp\/v2\/users\/1"}],"replies":[{"embeddable":true,"href":"https:\/\/design.csdz.cz\/design\/wp-json\/wp\/v2\/comments?post=2203"}],"version-history":[{"count":0,"href":"https:\/\/design.csdz.cz\/design\/wp-json\/wp\/v2\/pages\/2203\/revisions"}],"wp:attachment":[{"href":"https:\/\/design.csdz.cz\/design\/wp-json\/wp\/v2\/media?parent=2203"}],"curies":[{"name":"wp","href":"https:\/\/api.w.org\/{rel}","templated":true}]}}