{"id":2,"date":"2026-01-10T16:50:32","date_gmt":"2026-01-10T16:50:32","guid":{"rendered":"https:\/\/design.csdz.cz\/design\/?page_id=2"},"modified":"2026-02-01T13:26:29","modified_gmt":"2026-02-01T13:26:29","slug":"publicita","status":"publish","type":"page","link":"https:\/\/design.csdz.cz\/design\/publicita","title":{"rendered":"Publicita"},"content":{"rendered":"<div class=\"wpb-content-wrapper\"><p>[vc_row][vc_column]<header class=\"thememount-heading-wrapper thememount-heading-wrapper-align-center\"><div class=\"thememount-heading-wrapper-inner\"><h2 class=\"thememount-heading-align-center\"><span>Prezentace podpory MHPM<\/span><\/h2><\/div><\/header>[\/vc_column][\/vc_row][vc_row][vc_column][vc_tta_tabs alignment=&#8220;center&#8220; active_section=&#8220;1&#8243;][vc_tta_section title=&#8220;Program pro dobr\u00e9 zdrav\u00ed&#8220; tab_id=&#8220;1769377353033-3cc9a4bb-c083&#8243;]<header class=\"thememount-heading-wrapper thememount-heading-wrapper-align-left\"><div class=\"thememount-heading-wrapper-inner\"><h3 class=\"thememount-heading-align-left\"><span>Program pro dobr\u00e9 zdrav\u00ed<\/span><\/h3><\/div><p class=\"thememount-subheading\">Projekt je realizov\u00e1n s finan\u010dn\u00ed podporou hlavn\u00edho m\u011bsta Prahy.<\/p><\/header>[vc_empty_space][vc_single_image image=&#8220;4838&#8243; img_size=&#8220;600-&#8220; css_animation=&#8220;fadeInRight&#8220; css=&#8220;&#8220;][vc_column_text css=&#8220;&#8220;]<\/p>\n<h3>GPS \u2013 sv\u00e9pomocn\u00e1 skupina, Skupina zotaven\u00ed<\/h3>\n<p>&nbsp;<\/p>\n<h4>M\u00e1te pot\u00ed\u017ee s du\u0161evn\u00edm zdrav\u00edm? \u2022 Chcete si naj\u00edt nebo udr\u017eet pr\u00e1ci? \u2022 Chcete si o t\u011bchto v\u011bcech pov\u00eddat a sd\u00edlet je? \u2022 Chcete pracovat na sv\u00e9m zotaven\u00ed? \u2022 Chcete poznat lidi a naj\u00edt nov\u00e9 p\u0159\u00e1tele?<\/h4>\n<p>&nbsp;<\/p>\n<p>&nbsp;<\/p>\n<h5 style=\"font-weight: 400;\">Nab\u00edz\u00edme peerskou podporu ve skupin\u011b lid\u00ed, kte\u0159\u00ed \u0159e\u0161\u00ed podobn\u00e9 situace.<\/h5>\n<h5 style=\"font-weight: 400;\">Lekto\u0159i Michal a Daniel pom\u00e1haj\u00ed znovu z\u00edskat sebed\u016fv\u011bru p\u0159i hled\u00e1n\u00ed nov\u00e9ho smyslu.<\/h5>\n<h5 style=\"font-weight: 400;\">Podstatou sv\u00e9pomoci je p\u0159edev\u0161\u00edm sd\u00edlen\u00ed.<\/h5>\n<h5 style=\"font-weight: 400;\">Nebu\u010fte na to sami a p\u0159ij\u010fte se pod\u00edvat na sv\u00e9pomocnou skupinu.<\/h5>\n<h5 style=\"font-weight: 400;\">Na\u0161e adresa je: Zvona\u0159ova 6, 130 00 Praha 3<\/h5>\n<h5 style=\"font-weight: 400;\">Michal Ka\u0161par 602 112 044<\/h5>\n<p>[\/vc_column_text][vc_empty_space][vc_images_carousel images=&#8220;4842,4841,4840,4839&#8243; img_size=&#8220;1200&#8243; onclick=&#8220;link_no&#8220; autoplay=&#8220;yes&#8220; wrap=&#8220;yes&#8220; css=&#8220;&#8220;]\n\t<div class=\"thememount-team-wrapper thememount-effect-default thememount-items-col-four \" ><div class=\"row multi-columns-row thememount-items-wrapper \">\n\t<div class=\"thememount-team-box tm-box col-lg-3 col-sm-6 col-md-3 col-xs-12\"><div class=\"thememount-team-img\"><a class=\"tm-team-imglink\" href=\"https:\/\/design.csdz.cz\/design\/team\/michal-kaspar\"><img loading=\"lazy\" decoding=\"async\" width=\"555\" height=\"394\" src=\"https:\/\/design.csdz.cz\/design\/wp-content\/uploads\/2017\/03\/image.jpeg\" class=\"attachment-full size-full wp-post-image\" alt=\"\" srcset=\"https:\/\/design.csdz.cz\/design\/wp-content\/uploads\/2017\/03\/image.jpeg 555w, https:\/\/design.csdz.cz\/design\/wp-content\/uploads\/2017\/03\/image-300x213.jpeg 300w\" sizes=\"auto, (max-width: 555px) 100vw, 555px\" \/><\/a><div class=\"thememount-team-social-links\"><ul><li class=\"thememount-social-email\"><a href=\"mailto:michalkaspar@centrum.cz\" title=\"Email\"><i class=\"tmicon-fa-envelope-o\"><\/i><\/a><\/li><\/ul><\/div><\/div><!-- .thememount-team-img --><div class=\"thememount-team-data\"><h3 class=\"thememount-team-title\"><a href=\"https:\/\/design.csdz.cz\/design\/team\/michal-kaspar\">Michal Ka\u0161par<\/a><\/h3><h4 class=\"thememount-team-position\">peer lektor<\/h4>Michal Ka\u0161par (1973) je peer lektor se zku\u0161enost\u00ed s divadlem a muzikou.\r\nV \u010cSDZ zalo\u017eil v roce 2016 sv\u00e9pomocnou skupinu s n\u00e1zvem GPS.\r\nZotaven\u00ed - recovery se prol\u00edn\u00e1 jeho \u017eivotem a prac\u00ed. Pracuje\r\nve Studiu 27, kde rozv\u00edj\u00ed sv\u00e9 novin\u00e1\u0159sk\u00e9 schopnosti. Krom\u011b toho\r\nse \u00fa\u010dastn\u00ed divadeln\u00edch, filma\u0159sk\u00fdch, vzd\u011bl\u00e1vac\u00edch a destigmatiza\u010dn\u00edch\r\nprojekt\u016f. R\u00e1d textuje, bav\u00ed se a uva\u017euje, zp\u00edv\u00e1 a hraje, m\u00e1 toho\r\nhodn\u011b na srdci a n\u011bkdy i na jazyku.<div class=\"thememount-team-cat-links\"><a href=\"https:\/\/design.csdz.cz\/design\/Skupina\/gps-svepomocna-skupina\" rel=\"tag\">GPS - sv\u00e9pomocn\u00e1 skupina<\/a> &nbsp; &middot; &nbsp; <a href=\"https:\/\/design.csdz.cz\/design\/Skupina\/peer\" rel=\"tag\">Peer<\/a><\/div><\/div>\n\t<\/div>\n\t<\/div><\/div>[vc_empty_space height=&#8220;66px&#8220;][vc_btn title=&#8220;Informa\u010dn\u00ed pdf ke sta\u017een\u00ed&#8220; css_animation=&#8220;fadeInRight&#8220; css=&#8220;&#8220; link=&#8220;url:https%3A%2F%2Fwww.dropbox.com%2Fscl%2Ffi%2Fm6dcxu3k2hi8p1t9v0wuu%2FPrezentace-poskytovatele-dotace-MHMP_DZ.pdf%3Frlkey%3Dtjzvc5gwmnn39wtakba4eb61j%26st%3Dxveie3f1%26dl%3D0|target:_blank|rel:nofollow&#8220;][vc_empty_space height=&#8220;66px&#8220;]<header class=\"thememount-heading-wrapper thememount-heading-wrapper-align-left\"><div class=\"thememount-heading-wrapper-inner\"><h4 class=\"thememount-heading-align-left\"><span>Shl\u00e9dn\u011bte na\u0161e videa a z\u00e1znamy besed a vernis\u00e1\u017ei<\/span><\/h4><\/div><p class=\"thememount-subheading\">https:\/\/www.csdz.cz\/svepomoc-a-destigmatizace\/<\/p><\/header>[vc_empty_space height=&#8220;66px&#8220;][\/vc_tta_section][vc_tta_section title=&#8220;Program Prevence d\u011bt\u00ed du\u0161evn\u011b nemocn\u00fdch rodi\u010d\u016f&#8220; tab_id=&#8220;1769377449104-f2ddffc8-61b4&#8243;]<header class=\"thememount-heading-wrapper thememount-heading-wrapper-align-left\"><div class=\"thememount-heading-wrapper-inner\"><h3 class=\"thememount-heading-align-left\"><span>Prevence d\u011bt\u00ed du\u0161evn\u011b nemocn\u00fdch rodi\u010d\u016f<\/span><\/h3><\/div><p class=\"thememount-subheading\">Projekt je realizov\u00e1n s finan\u010dn\u00ed podporou hlavn\u00edho m\u011bsta Prahy.<\/p><\/header>[vc_single_image image=&#8220;4838&#8243; img_size=&#8220;600-&#8220; css_animation=&#8220;fadeInRight&#8220; css=&#8220;&#8220;][vc_gallery type=&#8220;flexslider_slide&#8220; interval=&#8220;3&#8243; images=&#8220;4768,4804,4800,4794,4682&#8243; img_size=&#8220;full&#8220; css=&#8220;&#8220;][vc_empty_space height=&#8220;88px&#8220;][vc_column_text css=&#8220;&#8220;]<\/p>\n<h4 style=\"font-weight: 400;\">C\u00edlem programu je prevence psychick\u00fdch pot\u00ed\u017e\u00ed u d\u011bt\u00ed v\u010dasn\u00fdm rozpozn\u00e1v\u00e1n\u00edm mo\u017en\u00fdch prodrom\u016f (\u010dasn\u00fdch varovn\u00fdch p\u0159\u00edznak\u016f) s doporu\u010den\u00edm adekv\u00e1tn\u00ed n\u00e1sledn\u00e9 p\u00e9\u010de. C\u00edlem je tak\u00e9 pos\u00edlit rodi\u010dovskou roli klient\u016f, hledat individu\u00e1ln\u00ed \u0159e\u0161en\u00ed probl\u00e9m\u016f a celkov\u011b zkvalitnit rodinn\u00e9 vazby a upevnit vztahy mezi rodi\u010di a d\u011btmi.<\/h4>\n<p>&nbsp;<\/p>\n<h4 style=\"font-weight: 400;\">K tomuto \u00fa\u010delu p\u0159isp\u011bly tak\u00e9 dva p\u011btidenn\u00ed terapeuticko-edukativn\u00ed pobyty mimo dom\u00e1c\u00ed prost\u0159ed\u00ed za \u00fa\u010dasti terapeut\u016f, rodi\u010d\u016f i d\u011bt\u00ed.<\/h4>\n<p>[\/vc_column_text]\n\t<div class=\"thememount-team-wrapper thememount-effect-default thememount-items-col-four \" ><div class=\"row multi-columns-row thememount-items-wrapper \">\n\t<div class=\"thememount-team-box tm-box col-lg-3 col-sm-6 col-md-3 col-xs-12\"><div class=\"thememount-team-img\"><a class=\"tm-team-imglink\" href=\"https:\/\/design.csdz.cz\/design\/team\/pavel-pavlovsky\"><img loading=\"lazy\" decoding=\"async\" width=\"2560\" height=\"1702\" src=\"https:\/\/design.csdz.cz\/design\/wp-content\/uploads\/2017\/03\/image-1-scaled.jpeg\" class=\"attachment-full size-full wp-post-image\" alt=\"\" srcset=\"https:\/\/design.csdz.cz\/design\/wp-content\/uploads\/2017\/03\/image-1-scaled.jpeg 2560w, https:\/\/design.csdz.cz\/design\/wp-content\/uploads\/2017\/03\/image-1-300x199.jpeg 300w, https:\/\/design.csdz.cz\/design\/wp-content\/uploads\/2017\/03\/image-1-1024x681.jpeg 1024w, https:\/\/design.csdz.cz\/design\/wp-content\/uploads\/2017\/03\/image-1-768x511.jpeg 768w, https:\/\/design.csdz.cz\/design\/wp-content\/uploads\/2017\/03\/image-1-1536x1021.jpeg 1536w, https:\/\/design.csdz.cz\/design\/wp-content\/uploads\/2017\/03\/image-1-2048x1362.jpeg 2048w\" sizes=\"auto, (max-width: 2560px) 100vw, 2560px\" \/><\/a><div class=\"thememount-team-social-links\"><ul><li class=\"thememount-social-email\"><a href=\"mailto:psycholog.pp@gmail.com\" title=\"Email\"><i class=\"tmicon-fa-envelope-o\"><\/i><\/a><\/li><\/ul><\/div><\/div><!-- .thememount-team-img --><div class=\"thememount-team-data\"><h3 class=\"thememount-team-title\"><a href=\"https:\/\/design.csdz.cz\/design\/team\/pavel-pavlovsky\">Pavel Pavlovsk\u00fd<\/a><\/h3><h4 class=\"thememount-team-position\">vedouc\u00ed Programu pro rodi\u010de s psychick\u00fdm onemocn\u011bn\u00edm a jejich d\u011bti, psycholog<\/h4>Mgr. et Mgr .Pavel Pavlovsk\u00fd\r\nVystudoval jednooborovou psychologii na FF UK v Praze, d\u0159\u00edve t\u00e9\u017e \u017eurnalistiku na FSV UK. Absolvoval kompletn\u00ed daseinsanalytick\u00fd psychoterapeutick\u00fd v\u00fdcvik. V sou\u010dasn\u00e9 dob\u011b je doktorandem na kated\u0159e filosofie Pedagogick\u00e9 fakulty UK v Praze, kde se zab\u00fdv\u00e1 fenom\u00e9nem du\u0161evn\u00ed nemoci. Je \u010dlenem \u010cesk\u00e9 daseinsanalytick\u00e9 spole\u010dnosti a rovn\u011b\u017e lektorem psychoterapeutick\u00fdch v\u00fdcvik\u016f v daseinanalytick\u00e9m sm\u011bru. Ve sv\u00e9 klinick\u00e9 praxi se v\u011bnuje p\u0159ev\u00e1\u017en\u011b individu\u00e1ln\u00ed a skupinov\u00e9 psychoterapii. V minulosti se specializoval na psychoterapeutickou pr\u00e1ci s pacienty se schizofreni\u00ed. V \u010cesk\u00e9 spole\u010dnosti pro du\u0161evn\u00ed zdrav\u00ed p\u016fsob\u00ed jako psycholog, PR pracovn\u00edk, vede spole\u010dn\u011b s dal\u0161\u00edmi kolegy Program pro rodi\u010de s psychick\u00fdm onemocn\u011bn\u00edm a jejich d\u011bti.<div class=\"thememount-team-cat-links\"><a href=\"https:\/\/design.csdz.cz\/design\/Skupina\/prevence-deti-dusevne-nemocnych-rodicu\" rel=\"tag\">Prevence d\u011bt\u00ed du\u0161evn\u011b nemocn\u00fdch rodi\u010d\u016f<\/a><\/div><\/div>\n\t<\/div>\n\t<div class=\"thememount-team-box tm-box col-lg-3 col-sm-6 col-md-3 col-xs-12\"><div class=\"thememount-team-img\"><a class=\"tm-team-imglink\" href=\"https:\/\/design.csdz.cz\/design\/team\/glaslova\"><img loading=\"lazy\" decoding=\"async\" width=\"1276\" height=\"837\" src=\"https:\/\/design.csdz.cz\/design\/wp-content\/uploads\/2014\/09\/Katka_G1.jpg\" class=\"attachment-full size-full wp-post-image\" alt=\"\" srcset=\"https:\/\/design.csdz.cz\/design\/wp-content\/uploads\/2014\/09\/Katka_G1.jpg 1276w, https:\/\/design.csdz.cz\/design\/wp-content\/uploads\/2014\/09\/Katka_G1-300x197.jpg 300w, https:\/\/design.csdz.cz\/design\/wp-content\/uploads\/2014\/09\/Katka_G1-1024x672.jpg 1024w, https:\/\/design.csdz.cz\/design\/wp-content\/uploads\/2014\/09\/Katka_G1-768x504.jpg 768w\" sizes=\"auto, (max-width: 1276px) 100vw, 1276px\" \/><\/a><div class=\"thememount-team-social-links\"><ul><li class=\"thememount-social-email\"><a href=\"mailto:glasova@csdz.cz\" title=\"Email\"><i class=\"tmicon-fa-envelope-o\"><\/i><\/a><\/li><\/ul><\/div><\/div><!-- .thememount-team-img --><div class=\"thememount-team-data\"><h3 class=\"thememount-team-title\"><a href=\"https:\/\/design.csdz.cz\/design\/team\/glaslova\">Kate\u0159ina Gl\u00e1slov\u00e1<\/a><\/h3><h4 class=\"thememount-team-position\">veden\u00ed spole\u010dnosti, psychiatr a terapeut, psychiatrick\u00e1 poradna<\/h4>Kate\u0159ina Gl\u00e1slov\u00e1 (1972, Praha)\r\n\r\nje psychiatr a terapeut s dvacetiletou prax\u00ed. V \u010cesk\u00e9 spole\u010dnosti pro du\u0161evn\u00ed zdrav\u00ed pracuje od roku 2006. Po ukon\u010den\u00ed l\u00e9ka\u0159sk\u00e9 fakulty pro\u0161la \u0159adou zdravotnick\u00fdch za\u0159\u00edzen\u00ed, zab\u00fdvaj\u00edc\u00edch se p\u00e9\u010d\u00ed o du\u0161evn\u00ed pot\u00ed\u017ee. Vede psychiatrickou poradnu, pod\u00edl\u00ed se na veden\u00ed terapeutick\u00fdch skupin. Je odborn\u00fdm garantem na\u0161ich projekt\u016f, osobn\u011b se pod\u00edl\u00ed na realizaci terapeutick\u00e9 podpory du\u0161evn\u011b nemocn\u00fdch rodi\u010d\u016f a jejich d\u011bt\u00ed.<div class=\"thememount-team-cat-links\"><a href=\"https:\/\/design.csdz.cz\/design\/Skupina\/prevence-deti-dusevne-nemocnych-rodicu\" rel=\"tag\">Prevence d\u011bt\u00ed du\u0161evn\u011b nemocn\u00fdch rodi\u010d\u016f<\/a> &nbsp; &middot; &nbsp; <a href=\"https:\/\/design.csdz.cz\/design\/Skupina\/terapeut\" rel=\"tag\">Terapeut<\/a> &nbsp; &middot; &nbsp; <a href=\"https:\/\/design.csdz.cz\/design\/Skupina\/terapie-a-prevence\" rel=\"tag\">Terapie a prevence<\/a><\/div><\/div>\n\t<\/div>\n\t<\/div><\/div>[vc_btn title=&#8220;Informa\u010dn\u00ed pdf ke sta\u017een\u00ed&#8220; css_animation=&#8220;fadeInRight&#8220; css=&#8220;&#8220; link=&#8220;url:https%3A%2F%2Fwww.dropbox.com%2Fscl%2Ffi%2Fhru0fsjk2zgvclx97k7t6%2FPrezentace-poskytovatele-dotace-MHMP_MAD.pdf%3Frlkey%3Drlsx2eguyem5fh4ar7ey9erq0%26st%3Diyakvspv%26dl%3D0|target:_blank&#8220;][\/vc_tta_section][vc_tta_section title=&#8220;Program Terapie a prevence&#8220; tab_id=&#8220;1769377353033-70b35a7c-3b4e&#8220;]<header class=\"thememount-heading-wrapper thememount-heading-wrapper-align-left\"><div class=\"thememount-heading-wrapper-inner\"><h3 class=\"thememount-heading-align-left\"><span>Individu\u00e1ln\u00ed i skupinovou terapi\u00ed k prevenci recidivy depres\u00ed a pos\u00edlen\u00ed sebed\u016fv\u011bry<\/span><\/h3><\/div><p class=\"thememount-subheading\">Projekt je realizov\u00e1n s finan\u010dn\u00ed podporou hlavn\u00edho m\u011bsta Prahy.<\/p><\/header>[vc_single_image image=&#8220;4838&#8243; img_size=&#8220;600-&#8220; css_animation=&#8220;fadeInRight&#8220; css=&#8220;&#8220;][vc_column_text css=&#8220;&#8220;]<\/p>\n<div><span lang=\"CS\">V roce 2025 rostl i nad\u00e1le z\u00e1jem o individu\u00e1ln\u00ed a skupinov\u00e9 poradenstv\u00ed. Byl tak\u00e9 velk\u00fd z\u00e1jem o kurzy komunikace a asertivity, socioterapii, relaxa\u010dn\u00ed cvi\u010den\u00ed a n\u00e1cvik digit\u00e1ln\u00edch dovednost\u00ed.<\/span><\/div>\n<p>&nbsp;<\/p>\n<p>Akce vy\u017eaduj\u00edc\u00ed veden\u00ed byly za\u0161ti\u0165ov\u00e1ny odborn\u00fdmi pracovn\u00edky, terapeuty a lektory: Kate\u0159ina Gl\u00e1slov\u00e1, Lenka Fl\u00e1\u0161arov\u00e1, Jan Mart\u00ednek, B\u0159etislav Ko\u0161\u0165\u00e1l, Ji\u0159\u00ed Ledvinka a dal\u0161\u00edmi.[\/vc_column_text][vc_empty_space height=&#8220;88px&#8220;]\n\t<div class=\"thememount-team-wrapper thememount-effect-default thememount-items-col-four \" ><div class=\"row multi-columns-row thememount-items-wrapper \">\n\t<div class=\"thememount-team-box tm-box col-lg-3 col-sm-6 col-md-3 col-xs-12\"><div class=\"thememount-team-img\"><a class=\"tm-team-imglink\" href=\"https:\/\/design.csdz.cz\/design\/team\/glaslova\"><img loading=\"lazy\" decoding=\"async\" width=\"1276\" height=\"837\" src=\"https:\/\/design.csdz.cz\/design\/wp-content\/uploads\/2014\/09\/Katka_G1.jpg\" class=\"attachment-full size-full wp-post-image\" alt=\"\" srcset=\"https:\/\/design.csdz.cz\/design\/wp-content\/uploads\/2014\/09\/Katka_G1.jpg 1276w, https:\/\/design.csdz.cz\/design\/wp-content\/uploads\/2014\/09\/Katka_G1-300x197.jpg 300w, https:\/\/design.csdz.cz\/design\/wp-content\/uploads\/2014\/09\/Katka_G1-1024x672.jpg 1024w, https:\/\/design.csdz.cz\/design\/wp-content\/uploads\/2014\/09\/Katka_G1-768x504.jpg 768w\" sizes=\"auto, (max-width: 1276px) 100vw, 1276px\" \/><\/a><div class=\"thememount-team-social-links\"><ul><li class=\"thememount-social-email\"><a href=\"mailto:glasova@csdz.cz\" title=\"Email\"><i class=\"tmicon-fa-envelope-o\"><\/i><\/a><\/li><\/ul><\/div><\/div><!-- .thememount-team-img --><div class=\"thememount-team-data\"><h3 class=\"thememount-team-title\"><a href=\"https:\/\/design.csdz.cz\/design\/team\/glaslova\">Kate\u0159ina Gl\u00e1slov\u00e1<\/a><\/h3><h4 class=\"thememount-team-position\">veden\u00ed spole\u010dnosti, psychiatr a terapeut, psychiatrick\u00e1 poradna<\/h4>Kate\u0159ina Gl\u00e1slov\u00e1 (1972, Praha)\r\n\r\nje psychiatr a terapeut s dvacetiletou prax\u00ed. V \u010cesk\u00e9 spole\u010dnosti pro du\u0161evn\u00ed zdrav\u00ed pracuje od roku 2006. Po ukon\u010den\u00ed l\u00e9ka\u0159sk\u00e9 fakulty pro\u0161la \u0159adou zdravotnick\u00fdch za\u0159\u00edzen\u00ed, zab\u00fdvaj\u00edc\u00edch se p\u00e9\u010d\u00ed o du\u0161evn\u00ed pot\u00ed\u017ee. Vede psychiatrickou poradnu, pod\u00edl\u00ed se na veden\u00ed terapeutick\u00fdch skupin. Je odborn\u00fdm garantem na\u0161ich projekt\u016f, osobn\u011b se pod\u00edl\u00ed na realizaci terapeutick\u00e9 podpory du\u0161evn\u011b nemocn\u00fdch rodi\u010d\u016f a jejich d\u011bt\u00ed.<div class=\"thememount-team-cat-links\"><a href=\"https:\/\/design.csdz.cz\/design\/Skupina\/prevence-deti-dusevne-nemocnych-rodicu\" rel=\"tag\">Prevence d\u011bt\u00ed du\u0161evn\u011b nemocn\u00fdch rodi\u010d\u016f<\/a> &nbsp; &middot; &nbsp; <a href=\"https:\/\/design.csdz.cz\/design\/Skupina\/terapeut\" rel=\"tag\">Terapeut<\/a> &nbsp; &middot; &nbsp; <a href=\"https:\/\/design.csdz.cz\/design\/Skupina\/terapie-a-prevence\" rel=\"tag\">Terapie a prevence<\/a><\/div><\/div>\n\t<\/div>\n\t<div class=\"thememount-team-box tm-box col-lg-3 col-sm-6 col-md-3 col-xs-12\"><div class=\"thememount-team-img\"><a class=\"tm-team-imglink\" href=\"https:\/\/design.csdz.cz\/design\/team\/flasarova\"><img loading=\"lazy\" decoding=\"async\" width=\"1701\" height=\"1849\" src=\"https:\/\/design.csdz.cz\/design\/wp-content\/uploads\/2014\/07\/image.jpeg\" class=\"attachment-full size-full wp-post-image\" alt=\"\" srcset=\"https:\/\/design.csdz.cz\/design\/wp-content\/uploads\/2014\/07\/image.jpeg 1701w, https:\/\/design.csdz.cz\/design\/wp-content\/uploads\/2014\/07\/image-276x300.jpeg 276w, https:\/\/design.csdz.cz\/design\/wp-content\/uploads\/2014\/07\/image-942x1024.jpeg 942w, https:\/\/design.csdz.cz\/design\/wp-content\/uploads\/2014\/07\/image-768x835.jpeg 768w, https:\/\/design.csdz.cz\/design\/wp-content\/uploads\/2014\/07\/image-1413x1536.jpeg 1413w\" sizes=\"auto, (max-width: 1701px) 100vw, 1701px\" \/><\/a><div class=\"thememount-team-social-links\"><ul><li class=\"thememount-social-email\"><a href=\"mailto:delflenka@gmail.com\" title=\"Email\"><i class=\"tmicon-fa-envelope-o\"><\/i><\/a><\/li><\/ul><\/div><\/div><!-- .thememount-team-img --><div class=\"thememount-team-data\"><h3 class=\"thememount-team-title\"><a href=\"https:\/\/design.csdz.cz\/design\/team\/flasarova\">Lenka Fl\u00e1\u0161arov\u00e1<\/a><\/h3><h4 class=\"thememount-team-position\">veden\u00ed spole\u010dnosti, soci\u00e1ln\u00ed pracovnice, lektorka<\/h4>Lenka Fl\u00e1\u0161arov\u00e1 (1957, Brno) je vzd\u011bl\u00e1n\u00edm ekonomka (V\u0160E Praha). B\u011bhem p\u016fsoben\u00ed v\u00a0\u010cesk\u00e9 spole\u010dnosti pro du\u0161evn\u00ed zdrav\u00ed pro\u0161la kurzy soci\u00e1ln\u00ed pracovn\u00edk v\u00a0soci\u00e1ln\u00edch slu\u017eb\u00e1ch, absolvovala tak kurz lektorsk\u00fdch dovednost\u00ed na pozici pracovn\u00edk s\u00a0vlastn\u00ed zku\u0161enost\u00ed. D\u00e1le pracuje jako peer poradce v\u00a0internetov\u00e9 poradn\u011b Stopstigma. Vedle organiza\u010dn\u011b ekonomick\u00fdch \u010dinnost\u00ed p\u016fsob\u00ed v\u00a0\u010cSDZ jako soci\u00e1ln\u00ed pracovn\u00edk a lektor kurz\u016f<div class=\"thememount-team-cat-links\"><a href=\"https:\/\/design.csdz.cz\/design\/Skupina\/terapie-a-prevence\" rel=\"tag\">Terapie a prevence<\/a><\/div><\/div>\n\t<\/div>\n\t<div class=\"thememount-team-box tm-box col-lg-3 col-sm-6 col-md-3 col-xs-12\"><div class=\"thememount-team-img\"><a class=\"tm-team-imglink\" href=\"https:\/\/design.csdz.cz\/design\/team\/ledvinka\"><img loading=\"lazy\" decoding=\"async\" width=\"1276\" height=\"837\" src=\"https:\/\/design.csdz.cz\/design\/wp-content\/uploads\/2014\/09\/Jika_L1.jpg\" class=\"attachment-full size-full wp-post-image\" alt=\"\" srcset=\"https:\/\/design.csdz.cz\/design\/wp-content\/uploads\/2014\/09\/Jika_L1.jpg 1276w, https:\/\/design.csdz.cz\/design\/wp-content\/uploads\/2014\/09\/Jika_L1-300x197.jpg 300w, https:\/\/design.csdz.cz\/design\/wp-content\/uploads\/2014\/09\/Jika_L1-1024x672.jpg 1024w, https:\/\/design.csdz.cz\/design\/wp-content\/uploads\/2014\/09\/Jika_L1-768x504.jpg 768w\" sizes=\"auto, (max-width: 1276px) 100vw, 1276px\" \/><\/a><div class=\"thememount-team-social-links\"><ul><li class=\"thememount-social-email\"><a href=\"mailto:jiri.ledvinka@post.cz\" title=\"Email\"><i class=\"tmicon-fa-envelope-o\"><\/i><\/a><\/li><\/ul><\/div><\/div><!-- .thememount-team-img --><div class=\"thememount-team-data\"><h3 class=\"thememount-team-title\"><a href=\"https:\/\/design.csdz.cz\/design\/team\/ledvinka\">Ji\u0159\u00ed Ledvinka<\/a><\/h3><h4 class=\"thememount-team-position\">volno\u010dasov\u00e9 aktivity<\/h4>Ji\u0159\u00ed Ledvinka (1968, Praha) byl v letech 2000-2006 p\u0159edsedou ob\u010dansk\u00e9ho sdru\u017een\u00ed \u010cesk\u00e9 spole\u010dnosti po du\u0161evn\u00ed nyn\u00ed zdrav\u00ed. V sou\u010dasn\u00e9 dob\u011b vede volno\u010dasovou aktivitu tr\u00e9ninky stoln\u00edho tenisu a vypom\u00e1h\u00e1 v\u00a0kancel\u00e1\u0159i. Uva\u017euje i o veden\u00ed dal\u0161\u00edch sportovn\u00edch a volno\u010dasov\u00fdch aktivit, bude-li z\u00e1jem klient\u016f.<div class=\"thememount-team-cat-links\"><a href=\"https:\/\/design.csdz.cz\/design\/Skupina\/terapie-a-prevence\" rel=\"tag\">Terapie a prevence<\/a><\/div><\/div>\n\t<\/div>\n\t<\/div><\/div>[vc_btn title=&#8220;Informa\u010dn\u00ed pdf ke sta\u017een\u00ed&#8220; css_animation=&#8220;fadeInRight&#8220; css=&#8220;&#8220; link=&#8220;url:https%3A%2F%2Fwww.dropbox.com%2Fscl%2Ffi%2Fm6dcxu3k2hi8p1t9v0wuu%2FPrezentace-poskytovatele-dotace-MHMP_DZ.pdf%3Frlkey%3Dtjzvc5gwmnn39wtakba4eb61j%26st%3Drj4sc7wp%26dl%3D0|target:_blank&#8220;][\/vc_tta_section][\/vc_tta_tabs][vc_empty_space height=&#8220;66px&#8220;][vc_images_carousel images=&#8220;2487,4050,2294,2494,4069,2784,2769,2920,3105,4070&#8243; img_size=&#8220;full&#8220; onclick=&#8220;link_no&#8220; autoplay=&#8220;yes&#8220; hide_prev_next_buttons=&#8220;yes&#8220; wrap=&#8220;yes&#8220; css=&#8220;&#8220;][\/vc_column][\/vc_row]<\/p>\n<\/div>","protected":false},"excerpt":{"rendered":"<p>[vc_row][vc_column][\/vc_column][\/vc_row][vc_row][vc_column][vc_tta_tabs alignment=&#8220;center&#8220; active_section=&#8220;1&#8243;][vc_tta_section title=&#8220;Program pro dobr\u00e9 zdrav\u00ed&#8220; tab_id=&#8220;1769377353033-3cc9a4bb-c083&#8243;][vc_empty_space][vc_single_image image=&#8220;4838&#8243; img_size=&#8220;600-&#8220; css_animation=&#8220;fadeInRight&#8220; css=&#8220;&#8220;][vc_column_text css=&#8220;&#8220;] GPS \u2013 sv\u00e9pomocn\u00e1 skupina, Skupina zotaven\u00ed &nbsp; M\u00e1te pot\u00ed\u017ee s du\u0161evn\u00edm zdrav\u00edm? \u2022 Chcete si naj\u00edt nebo udr\u017eet pr\u00e1ci? \u2022 Chcete si o t\u011bchto v\u011bcech pov\u00eddat a sd\u00edlet je? \u2022 Chcete pracovat na sv\u00e9m zotaven\u00ed? \u2022 Chcete poznat lidi a naj\u00edt nov\u00e9 [&hellip;]<\/p>\n","protected":false},"author":1,"featured_media":0,"parent":0,"menu_order":0,"comment_status":"closed","ping_status":"open","template":"","meta":{"footnotes":""},"class_list":["post-2","page","type-page","status-publish","hentry"],"_links":{"self":[{"href":"https:\/\/design.csdz.cz\/design\/wp-json\/wp\/v2\/pages\/2","targetHints":{"allow":["GET"]}}],"collection":[{"href":"https:\/\/design.csdz.cz\/design\/wp-json\/wp\/v2\/pages"}],"about":[{"href":"https:\/\/design.csdz.cz\/design\/wp-json\/wp\/v2\/types\/page"}],"author":[{"embeddable":true,"href":"https:\/\/design.csdz.cz\/design\/wp-json\/wp\/v2\/users\/1"}],"replies":[{"embeddable":true,"href":"https:\/\/design.csdz.cz\/design\/wp-json\/wp\/v2\/comments?post=2"}],"version-history":[{"count":30,"href":"https:\/\/design.csdz.cz\/design\/wp-json\/wp\/v2\/pages\/2\/revisions"}],"predecessor-version":[{"id":4867,"href":"https:\/\/design.csdz.cz\/design\/wp-json\/wp\/v2\/pages\/2\/revisions\/4867"}],"wp:attachment":[{"href":"https:\/\/design.csdz.cz\/design\/wp-json\/wp\/v2\/media?parent=2"}],"curies":[{"name":"wp","href":"https:\/\/api.w.org\/{rel}","templated":true}]}}